{"id":1332,"date":"2016-01-21T13:03:54","date_gmt":"2016-01-21T11:03:54","guid":{"rendered":"http:\/\/www.linie7.com\/linie7_cms\/?page_id=1332"},"modified":"2020-08-24T14:28:41","modified_gmt":"2020-08-24T12:28:41","slug":"fundsachen","status":"publish","type":"page","link":"https:\/\/www.linie7.com\/linie7_cms\/fundsachen\/","title":{"rendered":"Fundsachen"},"content":{"rendered":"<p>Bei uns werden alle Fundsachen vom Kletterschuh \u00fcber Klamotten und Chalkbags bis zu Trinkflaschen nach Bestem Wissen und Gewissen aufbewahrt.<br \/>\nDa wir nat\u00fcrlich nicht unbegrenzt Platz f\u00fcr diese Dinge haben, werden die Fundsachen <strong>IMMER ZUM MONATSENDE<\/strong> weg gebracht.<br \/>\nWenn ihr also merkt, dass ihr etwas vergessen habt, fragt am Tresen nach.<\/p>\n<p>Bitte versteht, dass wir keine Gew\u00e4hrleistung f\u00fcr Gefundenes \u00fcbernehmen, bzw. die Fundsachen-Kisten einmal im Monat geleert werden.<\/p>\n<p>&#8222;Weg gebracht&#8220; bedeutet \u00fcbrigens nicht, dass wir liegen gebliebenes in den M\u00fcll werfen&#8230;\u00a0 wir unterst\u00fctzen verschiedenste soziale Projekte. So gehen Schuhe zB in die T\u00fcrkei um dort die Kletterszene mit Material zu versorgen, welches sonst fehlt. Oder wir versorgen Gruppen von gefl\u00fcchteten mit Schuhen.<\/p>\n","protected":false},"excerpt":{"rendered":"<p>Bei uns werden alle Fundsachen vom Kletterschuh \u00fcber Klamotten und Chalkbags bis zu Trinkflaschen nach Bestem Wissen und Gewissen aufbewahrt. Da wir nat\u00fcrlich nicht unbegrenzt Platz f\u00fcr diese Dinge haben, werden die Fundsachen IMMER ZUM MONATSENDE weg gebracht. Wenn ihr also merkt, dass ihr etwas vergessen habt, fragt am Tresen nach. Bitte versteht, dass wir [&hellip;]<\/p>\n","protected":false},"author":2,"featured_media":0,"parent":0,"menu_order":0,"comment_status":"closed","ping_status":"closed","template":"","meta":{"footnotes":""},"_links":{"self":[{"href":"https:\/\/www.linie7.com\/linie7_cms\/wp-json\/wp\/v2\/pages\/1332"}],"collection":[{"href":"https:\/\/www.linie7.com\/linie7_cms\/wp-json\/wp\/v2\/pages"}],"about":[{"href":"https:\/\/www.linie7.com\/linie7_cms\/wp-json\/wp\/v2\/types\/page"}],"author":[{"embeddable":true,"href":"https:\/\/www.linie7.com\/linie7_cms\/wp-json\/wp\/v2\/users\/2"}],"replies":[{"embeddable":true,"href":"https:\/\/www.linie7.com\/linie7_cms\/wp-json\/wp\/v2\/comments?post=1332"}],"version-history":[{"count":6,"href":"https:\/\/www.linie7.com\/linie7_cms\/wp-json\/wp\/v2\/pages\/1332\/revisions"}],"predecessor-version":[{"id":3210,"href":"https:\/\/www.linie7.com\/linie7_cms\/wp-json\/wp\/v2\/pages\/1332\/revisions\/3210"}],"wp:attachment":[{"href":"https:\/\/www.linie7.com\/linie7_cms\/wp-json\/wp\/v2\/media?parent=1332"}],"curies":[{"name":"wp","href":"https:\/\/api.w.org\/{rel}","templated":true}]}}