{"id":149,"date":"2014-11-04T21:49:41","date_gmt":"2014-11-04T19:49:41","guid":{"rendered":"http:\/\/www.linie7.com\/linie7_cms\/?page_id=149"},"modified":"2026-01-02T11:22:33","modified_gmt":"2026-01-02T09:22:33","slug":"anfahrt","status":"publish","type":"page","link":"https:\/\/www.linie7.com\/linie7_cms\/anfahrt\/","title":{"rendered":"Anfahrt"},"content":{"rendered":"<p><iframe loading=\"lazy\" style=\"border: 0;\" src=\"https:\/\/www.google.com\/maps\/embed?pb=!1m14!1m8!1m3!1d9585.388167330148!2d8.805918!3d53.086002!3m2!1i1024!2i768!4f13.1!3m3!1m2!1s0x0%3A0x1fc4efcd513c1803!2sLinie7+-+Bouldern+in+Bremen!5e0!3m2!1sde!2sde!4v1415131957667\" width=\"600\" height=\"450\" frameborder=\"0\"><\/iframe><\/p>\n<p><strong>Adresse:<\/strong><\/p>\n<p>Linie7 &#8211; Bouldern in Bremen<\/p>\n<p>Alter G\u00fcterverkehrsbahnhof beim Hauptbahnhof<br \/>\nBeim Handelsmuseum Tor 43<br \/>\n28195 Bremen<\/p>\n<p>Tel.: 0421\/577 30 327<\/p>\n<p>Mail: <a title=\"Schreib uns!\" href=\"mailto:\/\/info@linie7.com\">info (at) linie7.com<\/a><\/p>\n<p><strong>Ge\u00f6ffnet:<\/strong><\/p>\n<p>T\u00e4glich 10:00 &#8211; 22:00 Uhr<\/p>\n<p><strong>Google Routenplaner:<\/strong><\/p>\n<form action=\"http:\/\/maps.google.com\/maps\" method=\"get\" target=\"_blank\"><label>Startadresse (mit Ort)<\/label><br \/>\n<input class=\"inputbox\" name=\"saddr\" type=\"text\" value=\"\" \/><br \/>\n<label>Zieladresse<\/label><br \/>\n<select name=\"daddr\"><option value=\"Linie7, Bremen\">Zur Linie7<\/option><\/select><button type=\"submit\">Karte aufrufen<\/button><\/form>\n<p><!--more--><br \/>\n<strong>Anfahrtsbeschreibung:<\/strong><br \/>\n<strong>Zu Fu\u00df<\/strong>:<\/p>\n<p>Von \u00fcberall (Koordinaten 53\u00b008&#8217;607 N und 008\u00b008&#8217;5794 E).<\/p>\n<p><strong>Vom Bahnhof (5 Min.)<\/strong>:<\/p>\n<p>Vom Bahnhofs-S\u00fcdausgang (Haupteingang) nach rechts den Taxenstand links liegen lassen und zwischen \u00dcberseemuseum und dem Polizeirevier einfach die Stra\u00dfe &#8222;Beim Handelsmuseum&#8220; immer geradeaus. Einmal \u00fcber die Bahngleise, dann noch 500m bis zum K\u00fcnstlerhaus und dann nach links drehen. Hier ist dann eine Treppe, die auf eine gr\u00fcne Eingangst\u00fcr f\u00fchrt.<\/p>\n<p><strong>Mit \u00f6ffentlichen Verkehrsmitteln:<\/strong><\/p>\n<p>S\u00e4mtliche Bus- und Bahnlinien halten am Hauptbahnhof au\u00dfer der 2 und der 3. (siehe oben) Mit der Deutschen Bahn: Aus allen St\u00e4dten Europas in Bremen haltende Z\u00fcge, aussteigen und (siehe oben)<\/p>\n<p><strong>Mit dem Auto:<\/strong><\/p>\n<p>Wir haben 19 <strong>kostenlose <\/strong>Parkpl\u00e4tze direkt hinter der Halle.<br \/>\nSagt dem Pf\u00f6rtner einfach, dass ihr zur Boulderhalle wollt. Dann werden keine Parkgeb\u00fchren f\u00e4llig, sofern noch freier Platz ist. Sollte der Platz belegt sein, k\u00f6nnt ihr auf dem vorderen Parkplatz f\u00fcr 50% des regul\u00e4ren Preises parken.<\/p>\n<p><strong>Bitte beachtet das die Hofmitte Autofrei bleiben muss! Das Parken ist nur auf den Pl\u00e4tzen direkt hinter der Halle gestattet. Folg dazu direkt nach dem Bahn\u00fcbergang dem Gleis, das hei\u00dft: direkt nach dem Bahn\u00fcbergang links halten!<\/strong><\/p>\n<p>Von Bremerhaven, Hannover und Hamburg:<br \/>\n\u00dcber die A27 Ausfahrt \u201e\u00dcberseestadt\u201c abfahren. Hier links halten und \u00fcber die Br\u00fccke (Fly-Over) fahren und anschlie\u00dfend rechts halten. Dann Ausschilderung Hauptbahnhof folgen. Bei Ausfahrt Hauptbahnhof vor der Br\u00fccke rechts runter. Hier die erste links nehmen. Lasst das Cinemaxx rechts liegen und nehmt die zweite links.<br \/>\nVon Osnabr\u00fcck, Delmenhorst, Oldenburg:<br \/>\nVon der A1 kommend, Abfahrt 58a auf Autobahn A 28 Richtung Delmenhorst nehmen. Am Autobahnkreuz 24 Richtung B75 Delmenhorst-Stickgras. Dann B75\/B6 folgen. Nach der \u00dcberquerung der Weser die zweite Abfahrt rechts nehmen. Hier dann an der Gabelung die linke Spur Richtung Hauptbahnhof. Jetzt d\u00fcrfte eigentlich nichts mehr schief gehen.<\/p>\n<p>Oben k\u00f6nnt ihr euch \u00fcber GoogleMaps eine genaue Anfahrtsbeschreibung anzeigen und ausdrucken lassen. Ihr m\u00fcsst nur eure Position angeben.<\/p>\n","protected":false},"excerpt":{"rendered":"<p>Adresse: Linie7 &#8211; Bouldern in Bremen Alter G\u00fcterverkehrsbahnhof beim Hauptbahnhof Beim Handelsmuseum Tor 43 28195 Bremen Tel.: 0421\/577 30 327 Mail: info (at) linie7.com Ge\u00f6ffnet: T\u00e4glich 10:00 &#8211; 22:00 Uhr Google Routenplaner: Startadresse (mit Ort) Zieladresse Zur Linie7Karte aufrufen<\/p>\n","protected":false},"author":1,"featured_media":0,"parent":0,"menu_order":0,"comment_status":"closed","ping_status":"closed","template":"","meta":{"footnotes":""},"_links":{"self":[{"href":"https:\/\/www.linie7.com\/linie7_cms\/wp-json\/wp\/v2\/pages\/149"}],"collection":[{"href":"https:\/\/www.linie7.com\/linie7_cms\/wp-json\/wp\/v2\/pages"}],"about":[{"href":"https:\/\/www.linie7.com\/linie7_cms\/wp-json\/wp\/v2\/types\/page"}],"author":[{"embeddable":true,"href":"https:\/\/www.linie7.com\/linie7_cms\/wp-json\/wp\/v2\/users\/1"}],"replies":[{"embeddable":true,"href":"https:\/\/www.linie7.com\/linie7_cms\/wp-json\/wp\/v2\/comments?post=149"}],"version-history":[{"count":19,"href":"https:\/\/www.linie7.com\/linie7_cms\/wp-json\/wp\/v2\/pages\/149\/revisions"}],"predecessor-version":[{"id":5019,"href":"https:\/\/www.linie7.com\/linie7_cms\/wp-json\/wp\/v2\/pages\/149\/revisions\/5019"}],"wp:attachment":[{"href":"https:\/\/www.linie7.com\/linie7_cms\/wp-json\/wp\/v2\/media?parent=149"}],"curies":[{"name":"wp","href":"https:\/\/api.w.org\/{rel}","templated":true}]}}