{"id":223,"date":"2014-11-11T21:09:59","date_gmt":"2014-11-11T19:09:59","guid":{"rendered":"http:\/\/www.linie7.com\/linie7_cms\/?page_id=223"},"modified":"2026-03-08T15:58:39","modified_gmt":"2026-03-08T13:58:39","slug":"kinder-und-jugendgruppen","status":"publish","type":"page","link":"https:\/\/www.linie7.com\/linie7_cms\/kinder-und-jugendgruppen\/","title":{"rendered":"Kinder- und Jugendgruppen 2026"},"content":{"rendered":"<p><span style=\"font-family: Arial, sans-serif;\"><span style=\"font-size: small;\">Wir m\u00f6chten das neue Konzept, welches nach den Osterferien am <strong>01.04.2026<\/strong> umgesetzt wird, hier einmal vorstellen, damit alle rechtzeitig informiert sind:<\/span><\/span><\/p>\n<table border=\"0\" width=\"100%\" cellspacing=\"0\" cellpadding=\"4\">\n<tbody>\n<tr valign=\"TOP\">\n<td width=\"48%\"><span style=\"font-family: Arial, sans-serif;\"><span style=\"font-size: small;\">\u00d6fter Trainieren (volle Flexibilit\u00e4t):<\/span><\/span><\/td>\n<td width=\"1%\"><\/td>\n<td width=\"51%\"><span style=\"font-family: Arial, sans-serif;\"><span style=\"font-size: small;\">Die Gruppen finden jetzt an drei Tagen die Woche statt: Montags, mittwochs und freitags. Die Gruppen sind offen f\u00fcr 6-17 J\u00e4hrige, das hei\u00dft, ihr kommt einfach an den Tagen, an denen es euch am besten passt. Keine An- oder Abmeldung n\u00f6tig, wenn ihr an dem Termin keine Zeit habt. Wenn ihr aber kommt, dann bitte beim jeweiligen Trainer oder der Trainerin melden.<\/span><\/span><\/td>\n<\/tr>\n<tr valign=\"TOP\">\n<td width=\"48%\"><span style=\"font-family: Arial, sans-serif;\"><span style=\"font-size: small;\">L\u00e4ngere Trainingszeiten (volle Flexibilit\u00e4t):<\/span><\/span><\/td>\n<td width=\"1%\"><\/td>\n<td width=\"51%\"><span style=\"font-family: Arial, sans-serif;\"><span style=\"font-size: small;\">Die Gruppen starten jeweils um 16 Uhr und enden um 19 Uhr \u2013 Drei Stunden Kurs, mit mehr Zeit f\u00fcr ein anst\u00e4ndiges \u201ewarm up\u201c, ausreichend Zeit zum Bouldern und ein \u201ecool down\u201c. Ein sp\u00e4teres Kommen oder fr\u00fcheres Gehen ist hier bewusst m\u00f6glich: selbst auf-\/abw\u00e4rmen und beim Trainer oder der Trainerin an-\/abmelden.<\/span><\/span><\/td>\n<\/tr>\n<tr valign=\"TOP\">\n<td width=\"48%\"><span style=\"font-family: Arial, sans-serif;\"><span style=\"font-size: small;\">Unterschiedliche Trainer mit unterschiedlichen Trainingsans\u00e4tzen:<\/span><\/span><\/td>\n<td width=\"1%\"><\/td>\n<td width=\"51%\"><span style=\"font-family: Arial, sans-serif;\"><span style=\"font-size: small;\">Es gibt und gab bei uns immer Bewegung im Team \u2013 machen wir daraus etwas Gutes: wir setzen bewusst unterschiedliche Trainer und Trainerinnen ein, um ein vielf\u00e4ltiges und weit gef\u00e4chertes Repertoire an Traingsans\u00e4tzen und \u00dcbungen zu vermitteln. Ein Teil des Trainerpools sind Routenschrauber und Routenschrauberinnen, die nochmals ganz eigene Techniken vermitteln k\u00f6nnen und die Routen bestens kennen!<\/span><\/span><\/td>\n<\/tr>\n<tr valign=\"TOP\">\n<td width=\"48%\">\u201e<span style=\"font-family: Arial, sans-serif;\"><span style=\"font-size: small;\">Boulderf\u00fchrerschein\u201c machen:<\/span><\/span><\/td>\n<td width=\"1%\"><\/td>\n<td width=\"51%\"><span style=\"font-family: Arial, sans-serif;\"><span style=\"font-size: small;\">Unabh\u00e4ngig vom Alter entwickeln die Kinder-und Jugendlichen irgendwann die n\u00f6tige Reife f\u00fcr das alleinige Bouldern. Unsere Trainer und Trainerinnen unterst\u00fctzen die Kids darin und bringen sie gezielt dorthin, so dass unabh\u00e4ngig vom Kursangebot zus\u00e4tzlich alleine gebouldert werden kann.<\/span><\/span><\/td>\n<\/tr>\n<tr valign=\"TOP\">\n<td width=\"48%\"><span style=\"font-family: Arial, sans-serif;\"><span style=\"font-size: small;\">Anpassung der Kosten:<\/span><\/span><\/td>\n<td width=\"1%\"><\/td>\n<td width=\"51%\"><span style=\"font-family: Arial, sans-serif;\"><span style=\"font-size: small;\">Dieses neue Konzept bietet den Kids ein deutlich umfassenderes und flexibleres Angebot. Wir passen daher die Preise an, halten den Anstieg der monatlichen Kosten aber bewusst gering.\u00a0 Ab 1. April 2026 erh\u00f6hen wir die Abogeb\u00fchren auf 52,50\u20ac. Die K\u00fcndigungsfrist bleibt bei drei Monaten. Eine K\u00fcndigung zum 1. April w\u00e4re als Sonderfall m\u00f6glich, sollte das neue Konzept wider erwarten nicht zusagen.<\/span><\/span><\/td>\n<\/tr>\n<tr valign=\"TOP\">\n<td width=\"48%\"><span style=\"font-family: Arial, sans-serif;\"><span style=\"font-size: small;\">Zusatz Angebote:<\/span><\/span><\/td>\n<td width=\"1%\"><\/td>\n<td width=\"51%\"><span style=\"font-family: Arial, sans-serif;\"><span style=\"font-size: small;\">Neben <strong>Rabatt<\/strong> im Shop bei uns und beim Ferienbouldern, m\u00f6chten wir von Zeit zu Zeit Fahrten organisieren, in denen zB mal am echten Felsen gebouldert wird. Dies ist mit zus\u00e4tzlichen Kosten und Unterst\u00fctzung durch die Eltern verbunden. (Anfahrt, ggf. Unterkunft usw.) <\/span><\/span><\/td>\n<\/tr>\n<\/tbody>\n<\/table>\n<p><span style=\"font-family: Arial, sans-serif;\"><span style=\"font-size: small;\">Wir freuen uns auf motivierte Kids!<\/span><\/span><\/p>\n<p><span style=\"font-family: Arial, sans-serif;\"><span style=\"font-size: small;\">Viele Gr\u00fc\u00dfe<\/span><\/span><\/p>\n<p><span style=\"font-family: Arial, sans-serif;\"><span style=\"font-size: small;\">Das Linie 7 Team <\/span><\/span><\/p>\n<p>Bei Interesse und Fragen zu freien Pl\u00e4tzen schickt gerne eine <a href=\"mailto:info@linie7.com\">Mail an <strong>info@linie7.com<\/strong><\/a><\/p>\n","protected":false},"excerpt":{"rendered":"<p>Wir m\u00f6chten das neue Konzept, welches nach den Osterferien am 01.04.2026 umgesetzt wird, hier einmal vorstellen, damit alle rechtzeitig informiert sind: \u00d6fter Trainieren (volle Flexibilit\u00e4t): Die Gruppen finden jetzt an drei Tagen die Woche statt: Montags, mittwochs und freitags. Die Gruppen sind offen f\u00fcr 6-17 J\u00e4hrige, das hei\u00dft, ihr kommt einfach an den Tagen, an [&hellip;]<\/p>\n","protected":false},"author":1,"featured_media":0,"parent":0,"menu_order":0,"comment_status":"closed","ping_status":"closed","template":"","meta":{"footnotes":""},"_links":{"self":[{"href":"https:\/\/www.linie7.com\/linie7_cms\/wp-json\/wp\/v2\/pages\/223"}],"collection":[{"href":"https:\/\/www.linie7.com\/linie7_cms\/wp-json\/wp\/v2\/pages"}],"about":[{"href":"https:\/\/www.linie7.com\/linie7_cms\/wp-json\/wp\/v2\/types\/page"}],"author":[{"embeddable":true,"href":"https:\/\/www.linie7.com\/linie7_cms\/wp-json\/wp\/v2\/users\/1"}],"replies":[{"embeddable":true,"href":"https:\/\/www.linie7.com\/linie7_cms\/wp-json\/wp\/v2\/comments?post=223"}],"version-history":[{"count":28,"href":"https:\/\/www.linie7.com\/linie7_cms\/wp-json\/wp\/v2\/pages\/223\/revisions"}],"predecessor-version":[{"id":5063,"href":"https:\/\/www.linie7.com\/linie7_cms\/wp-json\/wp\/v2\/pages\/223\/revisions\/5063"}],"wp:attachment":[{"href":"https:\/\/www.linie7.com\/linie7_cms\/wp-json\/wp\/v2\/media?parent=223"}],"curies":[{"name":"wp","href":"https:\/\/api.w.org\/{rel}","templated":true}]}}

<p><span style="font-family: Arial, sans-serif;"><span style="font-size: small;">Wir möchten das neue Konzept, welches nach den Osterferien am <strong>01.04.2026</strong> umgesetzt wird, hier einmal vorstellen, damit alle rechtzeitig informiert sind:</span></span></p>
<table border="0" width="100%" cellspacing="0" cellpadding="4">
<tbody>
<tr valign="TOP">
<td width="48%"><span style="font-family: Arial, sans-serif;"><span style="font-size: small;">Öfter Trainieren (volle Flexibilität):</span></span></td>
<td width="1%"></td>
<td width="51%"><span style="font-family: Arial, sans-serif;"><span style="font-size: small;">Die Gruppen finden jetzt an drei Tagen die Woche statt: Montags, mittwochs und freitags. Die Gruppen sind offen für 6-17 Jährige, das heißt, ihr kommt einfach an den Tagen, an denen es euch am besten passt. Keine An- oder Abmeldung nötig, wenn ihr an dem Termin keine Zeit habt. Wenn ihr aber kommt, dann bitte beim jeweiligen Trainer oder der Trainerin melden.</span></span></td>
</tr>
<tr valign="TOP">
<td width="48%"><span style="font-family: Arial, sans-serif;"><span style="font-size: small;">Längere Trainingszeiten (volle Flexibilität):</span></span></td>
<td width="1%"></td>
<td width="51%"><span style="font-family: Arial, sans-serif;"><span style="font-size: small;">Die Gruppen starten jeweils um 16 Uhr und enden um 19 Uhr – Drei Stunden Kurs, mit mehr Zeit für ein anständiges „warm up“, ausreichend Zeit zum Bouldern und ein „cool down“. Ein späteres Kommen oder früheres Gehen ist hier bewusst möglich: selbst auf-/abwärmen und beim Trainer oder der Trainerin an-/abmelden.</span></span></td>
</tr>
<tr valign="TOP">
<td width="48%"><span style="font-family: Arial, sans-serif;"><span style="font-size: small;">Unterschiedliche Trainer mit unterschiedlichen Trainingsansätzen:</span></span></td>
<td width="1%"></td>
<td width="51%"><span style="font-family: Arial, sans-serif;"><span style="font-size: small;">Es gibt und gab bei uns immer Bewegung im Team – machen wir daraus etwas Gutes: wir setzen bewusst unterschiedliche Trainer und Trainerinnen ein, um ein vielfältiges und weit gefächertes Repertoire an Traingsansätzen und Übungen zu vermitteln. Ein Teil des Trainerpools sind Routenschrauber und Routenschrauberinnen, die nochmals ganz eigene Techniken vermitteln können und die Routen bestens kennen!</span></span></td>
</tr>
<tr valign="TOP">
<td width="48%">„<span style="font-family: Arial, sans-serif;"><span style="font-size: small;">Boulderführerschein“ machen:</span></span></td>
<td width="1%"></td>
<td width="51%"><span style="font-family: Arial, sans-serif;"><span style="font-size: small;">Unabhängig vom Alter entwickeln die Kinder-und Jugendlichen irgendwann die nötige Reife für das alleinige Bouldern. Unsere Trainer und Trainerinnen unterstützen die Kids darin und bringen sie gezielt dorthin, so dass unabhängig vom Kursangebot zusätzlich alleine gebouldert werden kann.</span></span></td>
</tr>
<tr valign="TOP">
<td width="48%"><span style="font-family: Arial, sans-serif;"><span style="font-size: small;">Anpassung der Kosten:</span></span></td>
<td width="1%"></td>
<td width="51%"><span style="font-family: Arial, sans-serif;"><span style="font-size: small;">Dieses neue Konzept bietet den Kids ein deutlich umfassenderes und flexibleres Angebot. Wir passen daher die Preise an, halten den Anstieg der monatlichen Kosten aber bewusst gering.  Ab 1. April 2026 erhöhen wir die Abogebühren auf 52,50€. Die Kündigungsfrist bleibt bei drei Monaten. Eine Kündigung zum 1. April wäre als Sonderfall möglich, sollte das neue Konzept wider erwarten nicht zusagen.</span></span></td>
</tr>
<tr valign="TOP">
<td width="48%"><span style="font-family: Arial, sans-serif;"><span style="font-size: small;">Zusatz Angebote:</span></span></td>
<td width="1%"></td>
<td width="51%"><span style="font-family: Arial, sans-serif;"><span style="font-size: small;">Neben <strong>Rabatt</strong> im Shop bei uns und beim Ferienbouldern, möchten wir von Zeit zu Zeit Fahrten organisieren, in denen zB mal am echten Felsen gebouldert wird. Dies ist mit zusätzlichen Kosten und Unterstützung durch die Eltern verbunden. (Anfahrt, ggf. Unterkunft usw.) </span></span></td>
</tr>
</tbody>
</table>
<p><span style="font-family: Arial, sans-serif;"><span style="font-size: small;">Wir freuen uns auf motivierte Kids!</span></span></p>
<p><span style="font-family: Arial, sans-serif;"><span style="font-size: small;">Viele Grüße</span></span></p>
<p><span style="font-family: Arial, sans-serif;"><span style="font-size: small;">Das Linie 7 Team </span></span></p>
<p>Bei Interesse und Fragen zu freien Plätzen schickt gerne eine <a href="mailto:info@linie7.com">Mail an <strong>info@linie7.com</strong></a></p>

<p>Wir möchten das neue Konzept, welches nach den Osterferien am 01.04.2026 umgesetzt wird, hier einmal vorstellen, damit alle rechtzeitig informiert sind: Öfter Trainieren (volle Flexibilität): Die Gruppen finden jetzt an drei Tagen die Woche statt: Montags, mittwochs und freitags. Die Gruppen sind offen für 6-17 Jährige, das heißt, ihr kommt einfach an den Tagen, an [&hellip;]</p>
