{"id":31,"date":"2014-10-14T21:11:01","date_gmt":"2014-10-14T19:11:01","guid":{"rendered":"http:\/\/www.linie7.com\/linie7_cms\/?page_id=31"},"modified":"2020-03-06T11:29:47","modified_gmt":"2020-03-06T09:29:47","slug":"first-time","status":"publish","type":"page","link":"https:\/\/www.linie7.com\/linie7_cms\/first-time\/","title":{"rendered":"Neu hier?"},"content":{"rendered":"<p>Herzlich willkommen in der Linie 7!<\/p>\n<p>Die Linie 7 ist Bremens erste Boulderhalle und besticht durch ihre alternative Atmosph\u00e4re, das nette und unverkrampfte Publikum und nicht zuletzt durch die beste Routenqualit\u00e4t. Bouldern ist komplettes Neuland f\u00fcr dich? Kein Problem: einfach spontan w\u00e4hrend unserer <a title=\"\u00d6ffnungszeiten\" href=\"http:\/\/www.linie7.com\/linie7_cms\/?page_id=178\">\u00d6ffnungszeiten<\/a> vorbei kommen nach einer kurzen Einweisung direkt loslegen&#8230; Oder du buchst einen unserer <a title=\"Einsteigerkurs Bouldern\" href=\"http:\/\/www.linie7.com\/linie7_cms\/?page_id=138\">Einsteigerkurse<\/a>.<\/p>\n<p>Bouldern eignet sich f\u00fcr alle Altersklassen. Unser Schrauberteam kreiert Routen in allen Schwierigkeitsgraden und auch f\u00fcr kleine Leute \ud83d\ude42<\/p>\n<p>Unter 18? Kein Problem, bei uns sind selbstverst\u00e4ndlich auch Kinder und Jugendliche willkommen! Bedenke aber bitte, dass du unter 14 nur bei uns bouldern darfst, wenn eine erwachsene Person als Begleit- und <strong>Aufsichts<\/strong>person dabei ist, welche die Verantwortung \u00fcbernimmt! Eine vollj\u00e4hrige Person kann die Aufsicht f\u00fcr bis zu 2 Kids \u00fcbernehmen.<\/p>\n<p>Schon \u00e4lter als 14, aber noch unter 18? Du kannst auch alleine zu uns kommen, ben\u00f6tigst aber unbedingt eine unterschriebene Einverst\u00e4ndniserkl\u00e4rung f\u00fcr den jeweiligen Besuchstag!<\/p>\n<p>Wenn ihr mit einer gr\u00f6\u00dferen Gruppe kommen m\u00f6chtet, meldet euch bitte vorher an. Das selbe gilt f\u00fcr Schulen, Sportvereine und Geburtstage.<\/p>\n<p><a href=\"https:\/\/www.linie7.com\/linie7_cms\/wp-content\/uploads\/2018\/07\/web3.jpg\"><img decoding=\"async\" loading=\"lazy\" class=\"alignnone size-large wp-image-2399\" src=\"https:\/\/www.linie7.com\/linie7_cms\/wp-content\/uploads\/2018\/07\/web3-3000x1685.jpg\" alt=\"\" width=\"848\" height=\"476\" srcset=\"https:\/\/www.linie7.com\/linie7_cms\/wp-content\/uploads\/2018\/07\/web3-3000x1685.jpg 3000w, https:\/\/www.linie7.com\/linie7_cms\/wp-content\/uploads\/2018\/07\/web3-100x56.jpg 100w, https:\/\/www.linie7.com\/linie7_cms\/wp-content\/uploads\/2018\/07\/web3-150x84.jpg 150w, https:\/\/www.linie7.com\/linie7_cms\/wp-content\/uploads\/2018\/07\/web3-300x169.jpg 300w\" sizes=\"(max-width: 848px) 100vw, 848px\" \/><\/a><br \/>\n<!--<a href=\"http:\/\/www.linie7.com\/linie7_cms\/wp-content\/uploads\/2014\/10\/king_line_2011_20111219_1175193291.jpg\"><img decoding=\"async\" class=\"alignnone wp-image-134\" src=\"http:\/\/www.linie7.com\/linie7_cms\/wp-content\/uploads\/2014\/10\/king_line_2011_20111219_1175193291.jpg\" alt=\"king_line_2011_20111219_1175193291\" width=\"676\" border=\"1h\" srcset=\"https:\/\/www.linie7.com\/linie7_cms\/wp-content\/uploads\/2014\/10\/king_line_2011_20111219_1175193291.jpg 450w, https:\/\/www.linie7.com\/linie7_cms\/wp-content\/uploads\/2014\/10\/king_line_2011_20111219_1175193291-100x67.jpg 100w, https:\/\/www.linie7.com\/linie7_cms\/wp-content\/uploads\/2014\/10\/king_line_2011_20111219_1175193291-300x200.jpg 300w, https:\/\/www.linie7.com\/linie7_cms\/wp-content\/uploads\/2014\/10\/king_line_2011_20111219_1175193291-120x80.jpg 120w\" sizes=\"(max-width: 450px) 100vw, 450px\" \/><\/a>\n--><br \/>\n<!--<a href=\"http:\/\/www.linie7.com\/linie7_cms\/wp-content\/uploads\/2014\/10\/2014-11-13-17.40.07.jpg\"><img decoding=\"async\" loading=\"lazy\" class=\"alignnone size-large wp-image-425\" src=\"http:\/\/www.linie7.com\/linie7_cms\/wp-content\/uploads\/2014\/10\/2014-11-13-17.40.07-1810x1024.jpg\" alt=\"2014-11-13 17.40.07\" width=\"676\" height=\"382\" srcset=\"https:\/\/www.linie7.com\/linie7_cms\/wp-content\/uploads\/2014\/10\/2014-11-13-17.40.07-1810x1024.jpg 1810w, https:\/\/www.linie7.com\/linie7_cms\/wp-content\/uploads\/2014\/10\/2014-11-13-17.40.07-100x57.jpg 100w, https:\/\/www.linie7.com\/linie7_cms\/wp-content\/uploads\/2014\/10\/2014-11-13-17.40.07-300x169.jpg 300w, https:\/\/www.linie7.com\/linie7_cms\/wp-content\/uploads\/2014\/10\/2014-11-13-17.40.07-945x534.jpg 945w, https:\/\/www.linie7.com\/linie7_cms\/wp-content\/uploads\/2014\/10\/2014-11-13-17.40.07-600x339.jpg 600w\" sizes=\"(max-width: 676px) 100vw, 676px\" \/><\/a>\n--><\/p>\n<p><a href=\"https:\/\/www.linie7.com\/linie7_cms\/wp-content\/uploads\/2015\/06\/IMG_3240.jpg\"><img decoding=\"async\" loading=\"lazy\" class=\"alignnone size-large wp-image-896\" src=\"https:\/\/www.linie7.com\/linie7_cms\/wp-content\/uploads\/2015\/06\/IMG_3240-1536x1024.jpg\" alt=\"\" width=\"848\" height=\"565\" srcset=\"https:\/\/www.linie7.com\/linie7_cms\/wp-content\/uploads\/2015\/06\/IMG_3240-1536x1024.jpg 1536w, https:\/\/www.linie7.com\/linie7_cms\/wp-content\/uploads\/2015\/06\/IMG_3240-100x67.jpg 100w, https:\/\/www.linie7.com\/linie7_cms\/wp-content\/uploads\/2015\/06\/IMG_3240-300x200.jpg 300w, https:\/\/www.linie7.com\/linie7_cms\/wp-content\/uploads\/2015\/06\/IMG_3240-945x630.jpg 945w, https:\/\/www.linie7.com\/linie7_cms\/wp-content\/uploads\/2015\/06\/IMG_3240-600x400.jpg 600w, https:\/\/www.linie7.com\/linie7_cms\/wp-content\/uploads\/2015\/06\/IMG_3240-120x80.jpg 120w\" sizes=\"(max-width: 848px) 100vw, 848px\" \/><\/a><\/p>\n<p>Neben <a title=\"Aktuelles\" href=\"http:\/\/www.linie7.com\">aktuellen Informationen<\/a> rund um die Linie 7\u00a0haben wir die anstehenden Kurse in unserem <a title=\"Eventkalender\" href=\"http:\/\/www.linie7.com\/linie7_cms\/?page_id=143\">Eventkalender<\/a> stehen. Gut besucht ist auch immer unsere <a title=\"Facebook-Firmenseite\" href=\"https:\/\/www.facebook.com\/Linie7inBremen\">Facebookseite<\/a>! \u00dcber Instagram sind wir auch zu finden!<\/p>\n<p>Viel Spa\u00df auf unserer Seite und hoffentlich bis bald in der Linie 7!<\/p>\n<p><a href=\"https:\/\/www.linie7.com\/linie7_cms\/wp-content\/uploads\/2018\/07\/Web1.jpg\"><img decoding=\"async\" loading=\"lazy\" class=\"alignnone size-large wp-image-2395\" src=\"https:\/\/www.linie7.com\/linie7_cms\/wp-content\/uploads\/2018\/07\/Web1-3000x1685.jpg\" alt=\"\" width=\"848\" height=\"476\" srcset=\"https:\/\/www.linie7.com\/linie7_cms\/wp-content\/uploads\/2018\/07\/Web1-3000x1685.jpg 3000w, https:\/\/www.linie7.com\/linie7_cms\/wp-content\/uploads\/2018\/07\/Web1-100x56.jpg 100w, https:\/\/www.linie7.com\/linie7_cms\/wp-content\/uploads\/2018\/07\/Web1-150x84.jpg 150w, https:\/\/www.linie7.com\/linie7_cms\/wp-content\/uploads\/2018\/07\/Web1-300x169.jpg 300w\" sizes=\"(max-width: 848px) 100vw, 848px\" \/><\/a><\/p>\n","protected":false},"excerpt":{"rendered":"<p>Herzlich willkommen in der Linie 7! Die Linie 7 ist Bremens erste Boulderhalle und besticht durch ihre alternative Atmosph\u00e4re, das nette und unverkrampfte Publikum und nicht zuletzt durch die beste Routenqualit\u00e4t. Bouldern ist komplettes Neuland f\u00fcr dich? Kein Problem: einfach spontan w\u00e4hrend unserer \u00d6ffnungszeiten vorbei kommen nach einer kurzen Einweisung direkt loslegen&#8230; Oder du buchst [&hellip;]<\/p>\n","protected":false},"author":1,"featured_media":0,"parent":0,"menu_order":0,"comment_status":"closed","ping_status":"closed","template":"","meta":{"footnotes":""},"_links":{"self":[{"href":"https:\/\/www.linie7.com\/linie7_cms\/wp-json\/wp\/v2\/pages\/31"}],"collection":[{"href":"https:\/\/www.linie7.com\/linie7_cms\/wp-json\/wp\/v2\/pages"}],"about":[{"href":"https:\/\/www.linie7.com\/linie7_cms\/wp-json\/wp\/v2\/types\/page"}],"author":[{"embeddable":true,"href":"https:\/\/www.linie7.com\/linie7_cms\/wp-json\/wp\/v2\/users\/1"}],"replies":[{"embeddable":true,"href":"https:\/\/www.linie7.com\/linie7_cms\/wp-json\/wp\/v2\/comments?post=31"}],"version-history":[{"count":24,"href":"https:\/\/www.linie7.com\/linie7_cms\/wp-json\/wp\/v2\/pages\/31\/revisions"}],"predecessor-version":[{"id":3045,"href":"https:\/\/www.linie7.com\/linie7_cms\/wp-json\/wp\/v2\/pages\/31\/revisions\/3045"}],"wp:attachment":[{"href":"https:\/\/www.linie7.com\/linie7_cms\/wp-json\/wp\/v2\/media?parent=31"}],"curies":[{"name":"wp","href":"https:\/\/api.w.org\/{rel}","templated":true}]}}