{"id":4891,"date":"2025-07-29T11:17:52","date_gmt":"2025-07-29T09:17:52","guid":{"rendered":"https:\/\/www.linie7.com\/linie7_cms\/?page_id=4891"},"modified":"2025-07-29T11:18:58","modified_gmt":"2025-07-29T09:18:58","slug":"yoga","status":"publish","type":"page","link":"https:\/\/www.linie7.com\/linie7_cms\/yoga\/","title":{"rendered":"Yoga"},"content":{"rendered":"<p>Yoga mit Brij \u2013 die perfekte Erg\u00e4nzung f\u00fcr deinen Kletterflow!<\/p>\n<p>Mehr Beweglichkeit, mehr Balance, mehr Fokus \u2013 Yoga ist der ideale Ausgleich und die perfekte Erg\u00e4nzung zum Bouldern. In Brijs einst\u00fcndiger, haupts\u00e4chlich englischsprachiger Session st\u00e4rkst du deine K\u00f6rperspannung, dehnst verk\u00fcrzte Muskeln und schulst deine Atmung f\u00fcr mehr Fokus und schnellere Boulder Erfolge!<\/p>\n<p><strong>Wann?<\/strong> Individuell nach Absprache (Kurs kommt ab 2 Personen zustande)<\/p>\n<p><strong>Anmeldung<\/strong> per Mail: info@linie7.com &#8211; schick gerne gleich 2-3 Terminvorschl\u00e4ge!<\/p>\n<p><strong>Preis<\/strong>: 15\u202f\u20ac \/ 12\u202f\u20ac (normal\/erm\u00e4\u00dfigt) bzw. 10\u202f\u20ac mit Abo, Wellpass, Hansefit oder USC<\/p>\n<p><strong>Special f\u00fcr Abo-Mitglieder<\/strong>: 1x im Monat kostenlos dabei!<\/p>\n","protected":false},"excerpt":{"rendered":"<p>Yoga mit Brij \u2013 die perfekte Erg\u00e4nzung f\u00fcr deinen Kletterflow! Mehr Beweglichkeit, mehr Balance, mehr Fokus \u2013 Yoga ist der ideale Ausgleich und die perfekte Erg\u00e4nzung zum Bouldern. In Brijs einst\u00fcndiger, haupts\u00e4chlich englischsprachiger Session st\u00e4rkst du deine K\u00f6rperspannung, dehnst verk\u00fcrzte Muskeln und schulst deine Atmung f\u00fcr mehr Fokus und schnellere Boulder Erfolge! Wann? Individuell nach [&hellip;]<\/p>\n","protected":false},"author":2,"featured_media":0,"parent":0,"menu_order":0,"comment_status":"closed","ping_status":"closed","template":"","meta":{"footnotes":""},"_links":{"self":[{"href":"https:\/\/www.linie7.com\/linie7_cms\/wp-json\/wp\/v2\/pages\/4891"}],"collection":[{"href":"https:\/\/www.linie7.com\/linie7_cms\/wp-json\/wp\/v2\/pages"}],"about":[{"href":"https:\/\/www.linie7.com\/linie7_cms\/wp-json\/wp\/v2\/types\/page"}],"author":[{"embeddable":true,"href":"https:\/\/www.linie7.com\/linie7_cms\/wp-json\/wp\/v2\/users\/2"}],"replies":[{"embeddable":true,"href":"https:\/\/www.linie7.com\/linie7_cms\/wp-json\/wp\/v2\/comments?post=4891"}],"version-history":[{"count":3,"href":"https:\/\/www.linie7.com\/linie7_cms\/wp-json\/wp\/v2\/pages\/4891\/revisions"}],"predecessor-version":[{"id":4894,"href":"https:\/\/www.linie7.com\/linie7_cms\/wp-json\/wp\/v2\/pages\/4891\/revisions\/4894"}],"wp:attachment":[{"href":"https:\/\/www.linie7.com\/linie7_cms\/wp-json\/wp\/v2\/media?parent=4891"}],"curies":[{"name":"wp","href":"https:\/\/api.w.org\/{rel}","templated":true}]}}